2367?
7
What is the units digit of 877?
7
What is the thousands digit of 11956?
1
What is the thousands digit of 15205?
5
What is the units digit of 1900?
0
What is the units digit of 9861?
1
What is the units digit of 1784?
4
What is the hundreds digit of 6967?
9
What is the units digit of 692?
2
What is the units digit of 371?
1
What is the tens digit of 3570?
7
What is the thousands digit of 2491?
2
What is the tens digit of 9966?
6
What is the thousands digit of 4884?
4
What is the units digit of 437?
7
What is the units digit of 507?
7
What is the tens digit of 688?
8
What is the tens digit of 473?
7
What is the units digit of 676?
6
What is the units digit of 25488?
8
What is the hundreds digit of 1348?
3
What is the units digit of 4126?
6
What is the hundreds digit of 628?
6
What is the units digit of 3025?
5
What is the thousands digit of 49996?
9
What is the hundreds digit of 39714?
7
What is the hundreds digit of 248?
2
What is the hundreds digit of 72733?
7
What is the tens digit of 769?
6
What is the tens digit of 47503?
0
What is the tens digit of 698?
9
What is the thousands digit of 46955?
6
What is the tens digit of 5871?
7
What is the thousands digit of 2999?
2
What is the ten thousands digit of 65735?
6
What is the ten thousands digit of 128364?
2
What is the thousands digit of 5522?
5
What is the thousands digit of 1634?
1
What is the hundreds digit of 108?
1
What is the ten thousands digit of 20447?
2
What is the hundreds digit of 1308?
3
What is the thousands digit of 2339?
2
What is the units digit of 293?
3
What is the ten thousands digit of 37881?
3
What is the hundreds digit of 156?
1
What is the units digit of 1527?
7
What is the hundreds digit of 834?
8
What is the tens digit of 6634?
3
What is the hundreds digit of 16680?
6
What is the hundreds digit of 585?
5
What is the ten thousands digit of 24291?
2
What is the thousands digit of 5454?
5
What is the tens digit of 47?
4
What is the tens digit of 2495?
9
What is the hundreds digit of 16224?
2
What is the tens digit of 1158?
5
What is the tens digit of 5465?
6
What is the tens digit of 8210?
1
What is the hundreds digit of 811?
8
What is the tens digit of 7102?
0
What is the tens digit of 71111?
1
What is the thousands digit of 4329?
4
What is the hundreds digit of 8517?
5
What is the ten thousands digit of 56068?
5
What is the ten thousands digit of 94793?
9
What is the hundreds digit of 548?
5
What is the thousands digit of 59910?
9
What is the units digit of 28590?
0
What is the ten thousands digit of 76734?
7
What is the hundreds digit of 758?
7
What is the units digit of 1702?
2
What is the tens digit of 2192?
9
What is the hundreds digit of 40484?
4
What is the thousands digit of 11256?
1
What is the tens digit of 22818?
1
What is the hundreds digit of 4869?
8
What is the tens digit of 8527?
2
What is the thousands digit of 4173?
4
What is the units digit of 29371?
1
What is the units digit of 765?
5
What is the hundreds digit of 5831?
8
What is the tens digit of 29679?
7
What is the units digit of 5737?
7
What is the thousands digit of 15788?
5
What is the tens digit of 848?
4
What is the tens digit of 319?
1
What is the tens digit of 76200?
0
What is the thousands digit of 10468?
0
What is the hundreds digit of 180?
1
What is the units digit of 1362?
2
What is the tens digit of 367?
6
What is the hundreds digit of 1478?
4
What is the tens digit of 1293?
9
What is the hundreds digit of 3228?
2
What is the ten thousands digit of 11466?
1
What is the units digit of 49742?
2
What is the tens digit of 44618?
1
What is the hundreds digit of 1429?
4
What is the thousands digit of 10980?
0
What is the units digit of 8407?
7
What is the hundreds digit of 81732?
7
What is the thousands digit of 106637?
6
What is the hundreds digit of 2815?
8
What is the ten thousands digit of 27546?
2
What is the tens digit of 17213?
1
What is the thousands digit of 2975?
2
What is the hundreds digit of 630?
6
What is the units digit of 7742?
2
What is the ten thousands digit of 119663?
1
What is the thousands digit of 15408?
5
What is the hundreds digit of 124000?
0
What is the hundreds digit of 111353?
3
What is the thousands digit of 2195?
2
What is the units digit of 5128?
8
What is the hundreds digit of 2404?
4
What is the tens digit of 19766?
6
What is the ten thousands digit of 95167?
9
What is the hundreds digit of 3889?
8
What is the tens digit of 10626?
2
What is the hundreds digit of 2510?
5
What is the hundreds digit of 17800?
8
What is the tens digit of 20070?
7
What is the tens digit of 87?
8
What is the thousands digit of 18867?
8
What is the units digit of 1220?
0
What is the thousands digit of 12473?
2
What is the tens digit of 475?
7
What is the hundreds digit of 328?
3
What is the tens digit of 13277?
7
What is the units digit of 538?
8
What is the tens digit of 5237?
3
What is the thousands digit of 2090?
2
What is the hundreds digit of 5016?
0
What is the hundreds digit of 283?
2
What is the ten thousands digit of 17956?
1
What is the tens digit of 80228?
2
What is the ten thousands digit of 52312?
5
What is the units digit of 3550?
0
What is the units digit of 10415?
5
What is the units digit of 56188?
8
What is the ten thousands digit of 54056?
5
What is the units digit of 1802?
2
What is the hundreds digit of 2355?
3
What is the tens digit of 3799?
9
What is the thousands digit of 19058?
9
What is the hundreds digit of 2125?
1
What is the hundreds digit of 875?
8
What is the hundreds digit of 1333?
3
What is the units digit of 3784?
4
What is the hundreds digit of 3809?
8
What is the units digit of 31514?
4
What is the hundreds digit of 349?
3
What is the ten thousands digit of 95682?
9
What is the ten thousands digit of 16066?
1
What is the units digit of 3034?
4
What is the units digit of 681?
1
What is the units digit of 1463?
3
What is the tens digit of 70100?
0
What is the units digit of 548?
8
What is the units digit of 86?
6
What is the units digit of 345?
5
What is the ten thousands digit of 34524?
3
What is the units digit of 3980?
0
What is the ten thousands digit of 53515?
5
What is the thousands digit of 1447?
1
What is the tens digit of 204?
0
What is the thousands digit of 1757?
1
What is the thousands digit of 8930?
8
What is the tens digit of 33025?
2
What is the units digit of 12192?
2
What is the hundreds digit of 859?
8
What is the thousands digit of 61292?
1
What is the hundreds digit of 740?
7
What is the units digit of 81880?
0
What is the hundreds digit of 446?
4
What is the hundreds digit of 19159?
1
What is the units digit of 1950?
0
What is the units digit of 90?
0
What is the tens digit of 3272?
7
What is the tens digit of 1571?
7
What is the thousands digit of 1122?
1
What is the thousands digit of 52404?
2
What is the units digit of 24?
4
What is the thousands digit of 2865?
2
What is the units digit of 461?
1
What is the units digit of 24059?
9
What is the units digit of 2232?
2
What is the hundreds digit of 253?
2
What is the tens digit of 1828?
2
What is the hundreds digit of 38817?
8
What is the tens digit of 443?
4
What is the tens digit of 980?
8
What is the hundreds digit of 33740?
7
What is the hundreds digit of 11744?
7
What is the thousands digit of 22887?
2
What is the thousands digit of 9088?
9
What is the hundreds digit of 15453?
4
What is the hundreds digit of 26564?
5
What is the tens digit of 5110?
1
What is the hundreds digit of 3729?
7
What is the hundreds digit of 8678?
6
What is the hundreds digit of 599?
5
What is the thousands digit of 7158?
7
What is the units digit of 5567?
7
What is the tens digit of 722?
2
What is the hundreds digit of 1655?
6
What is the units digit of 801?
1
What is the hundreds digit of 17034?
0
What is the ten thousands digit of 11008?
1
What is the ten thousands digit of 42848?
4
What is the hundreds digit of 2028?
0
What is the units digit of 401?
1
What is the units digit of 5143?
3
What is the thousands digit of 3762?
3
What is the tens digit of 47755?
5
What is the thousands digit of 1535?
1
What is the thousands digit of 2822?
2
What is the hundreds digit of 291?
2
What is the tens digit of 4389?
8
What is the units digit of 102126?
6
What is the units digit of 18305?
5
What